+ 584. Is g a prime number?
True
Let x = 21 + -18. Let d be -386 - (x + -8 + 1). Is (-6 + 7)/((-2)/d) composite?
False
Let x(j) be the second derivative of 13*j**5/60 + j**4/24 + 23*j**3/6 + 25*j**2/2 - 12*j. Let t(h) be the first derivative of x(h). Is t(7) a prime number?
False
Let p(h) = 28*h**2 + 17*h - 10. Let m = -180 - -187. Is p(m) a composite number?
False
Let a(c) = -1754*c**3 - 52*c**2 - 282*c - 41. Is a(-5) composite?
True
Suppose 3*k = -124 + 148. Suppose -k*y - 5*b + 8627 = -4*y, 2*y + 3*b - 4315 = 0. Is y a prime number?
True
Suppose -3*d + 7 = r, -3*r + 9 = -2*d + 7*d. Suppose -5*q - 16243 = -10*q + 4*u, 0 = 4*q - d*u - 12994. Is q prime?
False
Let z(g) = -g**2 + 2*g + 7. Let c be z(5). Suppose 73*w - 369 + 150 = 0. Is 422/w*(-12)/c a prime number?
True
Let y = -160 - -165. Let w = 11391 + -7275. Suppose -499 = -y*v + w. Is v a prime number?
False
Let p be (2/(-10) - 4/5) + 99. Let r be 3 + (0/(-4))/1. Suppose -a - r = -p. Is a a composite number?
True
Suppose 0 = -5*s - 5*b + 70, -29 = 5*s - 3*b - 107. Is 3*(-1 - (-45920)/s) a prime number?
True
Let p(x) = 3*x + 28. Let n be p(5). Let d = 58 - n. Is d prime?
False
Let f = 4530 + -4525. Suppose u + 30 = -4*u. Is (u/(-15))/(6/f)*5271 composite?
True
Let b(q) = 2*q + 22. Let k be b(-7). Suppose 0 = -k*d - 4*d + 2676. Is d a composite number?
False
Let c be -7 + (1 - (-4 - -2)*-1). Let r(l) = -448*l - 27. Is r(c) composite?
False
Let r(k) = 10251*k - 770. Is r(13) a prime number?
False
Suppose 0 = 2*z - 68 + 48. Let f be 1*(z/(-5) + 2). Suppose 4118 = 2*t - 3*i, i - 4*i - 12 = f. Is t a composite number?
False
Suppose -x - 3*k + 4343 = 0, 3*x - 3*k - 13036 = -5*k. Suppose x = 2*n - 4*j, -2*n + 4*j + 4352 = 2*j. Is n prime?
True
Suppose -46*d = 160*d - 8*d - 11446578. Is d composite?
True
Suppose -5*s - 2*f = -13375, 4*s = s + f + 8036. Let m = 6045 - s. Let b = -1719 + m. Is b a composite number?
True
Suppose 2*d + 5*c - 134917 - 102624 = 0, -2*c = -2*d + 237492. Is d composite?
True
Suppose 13 - 7 = 2*k. Suppose k*v = -5*z - 15, -7 = 3*z + 2. Suppose 0*s - s + 502 = v. Is s a prime number?
False
Let k(w) = -10947*w + 352. Is k(-45) composite?
False
Is 23537 + 24 + -1 + -11 a composite number?
False
Let b = -17677 - -27630. Is b composite?
True
Suppose 11*l = l + 498150. Let r = -23974 + l. Is r composite?
False
Let u be -2*((-27500)/8 - 7). Suppose 0 = -21*k - u + 29548. Is k a prime number?
False
Let j be 66 + 1 - (-7 - (-7 + 4)). Let v(y) = -7 - 1 + j + 31*y. Is v(10) a composite number?
False
Let m(y) = 11 + 42*y**2 + 12 - 27*y**2 + 22*y. Is m(-8) a prime number?
False
Let g(k) be the second derivative of k**6/180 + k**5/24 - 13*k**4/12 - k**3 - 12*k. Let n(j) be the second derivative of g(j). Is n(-11) a composite number?
True
Suppose 0 = 5*l - 13*l - 696. Let r be l*(1 + 0) + 0. Is (-974)/3*r/58 a composite number?
False
Let o(c) be the third derivative of c**5/30 + 5*c**4/4 - 9*c**3/2 - 52*c**2. Is o(13) composite?
False
Let u(o) = o**3 - 17*o**2 + 16*o - 9. Suppose 2*m + 5*k = 44, 0*k + 4*k = 16. Suppose 51 = -m*a + 255. Is u(a) composite?
False
Let c = -134517 + 230323. Is c a composite number?
True
Let q = -1826 - 298. Let z be (((-32)/(-6))/(-1))/(24/q). Let i = z - 77. Is i a composite number?
True
Let a(h) = 32*h**2 + 15*h + 9. Let g be a(-6). Suppose -f - 1074 = -2*f + 2*l, 0 = f + l - g. Let n = -749 + f. Is n composite?
True
Let i(o) = 432*o + 92. Let n(c) = 1298*c + 277. Let j(f) = 8*i(f) - 3*n(f). Is j(-13) prime?
False
Suppose -28*b - b = -116. Suppose 2*m - 261 = -v + 5150, 3*m + b*v - 8119 = 0. Is m prime?
False
Suppose -77*g = -80*g - 33. Suppose c = 2*q - 4, 3*q - 16 = 5*c + 4. Is q + 3026 - (-44)/g composite?
True
Let f = -109 + 112. Suppose 0 = o - 2*x, f*x = 5*o + x. Suppose c + 3*u - 3259 = o, 5*c + 2*u = 7385 + 8962. Is c prime?
True
Let c(r) = -67*r + 13. Let y be c(-1). Suppose -84*m + y*m = -3596. Is m prime?
False
Suppose -2*y = -2*i - 54624, 4*y - 5*i + 10*i - 109203 = 0. Suppose 2980 - y = -9*k. Let j = 5140 - k. Is j a composite number?
False
Suppose -3*x = -4*i - 7*x + 56, 76 = 5*i + 3*x. Suppose -i = -p - 9. Suppose -26092 - 268 = -p*z. Is z prime?
False
Suppose -34*z = -43*z + 6714. Suppose 5*w = 25, 4*w = n + z - 4715. Is n a prime number?
True
Is (4135948/36)/(16/144) a prime number?
True
Let g = -48457 + 89084. Is g composite?
False
Let w be (1 + -11)*(-18)/45. Let g(y) = -74*y**2 - 4*y + 1. Let c be g(w). Let a = 1770 + c. Is a a composite number?
False
Let j = -2895 + 6079. Suppose 2*n = g + n - j, -5*n + 15900 = 5*g. Suppose -8*y = 550 - g. Is y composite?
True
Let z(j) = 7*j**3 - 99*j**2 + 30*j - 161. Is z(58) a prime number?
False
Suppose 3*b - 756504 = 3*x, -5*b - 2*x + 1260833 = -0*x. Is b a composite number?
True
Suppose 5*m - 1520918 = -b + 59128, -4*m - 3*b + 1264028 = 0. Suppose 5*r + 3*k = -2*k + 315990, 5*r + k - m = 0. Is r prime?
False
Let o = -25 + 28. Let y(t) = -9*t**2 + 12*t + 13. Let k(m) = -9*m**2 + 13*m + 13. Let i(h) = o*k(h) - 4*y(h). Is i(10) a prime number?
True
Suppose -4*s - 5*w + 76 = 0, 4*s + 5*w - 48 = 2*s. Suppose 19*q - s*q - 30 = 0. Is (-5)/8*-2*(q + 758) a composite number?
True
Let a(o) = -4*o**2 + 43*o + 54. Let u be a(12). Is 3*u/(-18)*9901 a composite number?
False
Let p(g) = -44*g + 74. Let q be p(-33). Suppose 2*u - 7*u = 5*l - 7600, -3*u = l - q. Is l prime?
False
Let p = 44 + -39. Suppose -p*a + 2437 + 3588 = -4*t, 0 = -3*t. Let b = -738 + a. Is b a prime number?
True
Let y(i) = -33*i + 246. Let o be y(-42). Let s be 5662/(-6) + 6/9. Let c = o + s. Is c a prime number?
False
Let g = -12628 - -91739. Is g composite?
False
Suppose 0 = 2*u - 0*u, -80 = -4*q + u. Let k = 20 - q. Suppose k = 52*b - 54*b + 1042. Is b prime?
True
Let f(c) = -56*c - 118. Suppose -4*y - 5*t - 149 = 0, -4*t = -4*y - 97 - 7. Is f(y) prime?
False
Suppose -36153 = -o - 3*l, -4*o - 22*l + 144592 = -20*l. Is o a prime number?
False
Let w(u) = -541*u - 1429. Is w(-92) prime?
False
Suppose -5*b - 3*v + 21650 = 0, 4*b + 4*v - 26379 + 9051 = 0. Is b a prime number?
True
Is -74372*5*(-18)/(-240)*(-2)/3 a composite number?
False
Let c(a) = 563*a**2 + 125*a - 587. Is c(34) a composite number?
False
Suppose 35*q - 19173 = -143*q - 53*q. Let n be (3/(-6))/((-2)/(-140)). Is (4 + q)*n/(-15) a prime number?
False
Let j(q) = -625*q**2. Let v be 3 + 20/5 + -8. Let u be j(v). Let d = 184 - u. Is d prime?
True
Suppose -5*f = -4*t + 3*t - 4388, 2*f - 1745 = -3*t. Let x be 2/((6/(-939))/(-2)). Let j = f - x. Is j composite?
False
Suppose -5*y + 282712 = -4*w + 35621, 2*y + 3*w - 98818 = 0. Is y composite?
True
Let x(t) = 192*t - 1. Let w be -9*((-8)/6 - -1) - -5. Let v be (-6)/8*w/(-6). Is x(v) prime?
True
Let v(y) = 2*y**2 - 32*y - 66. Let z be v(18). Suppose -33892 = -3*i - 5*b, -i + 11303 = -10*b + z*b. Is i a composite number?
False
Let w be (-20)/45 - (-98)/18. Suppose -2*a + x + x + 2362 = 0, -a + w*x = -1181. Is a composite?
False
Let z = 970494 + -555661. Is z composite?
False
Let f be ((-6)/(-10))/(12/140). Suppose -6904 - 4933 = -f*n. Is n composite?
True
Let c = -11031 - -15272. Is c composite?
False
Let r(i) = -15*i + 80. Let f be r(8). Is (-659)/(2*2/f) - -3 composite?
True
Suppose -3*x + 7*x - 8540 = 0. Suppose 4*j + s = x, 5*s = 3*j + 2*j - 2675. Let c = 107 + j. Is c a prime number?
True
Let n = 19 + 16. Suppose -34*t + n*t = 877. Is t a prime number?
True
Let s(g) = 5995*g - 143. Let a be s(37). Suppose -a + 6456 = -16*t. Is t a prime number?
True
Is (-1)/((-1210293)/121029 + 1 + 9) a composite number?
False
Suppose -5*m = -3*w - 1740985, -2*m = 3*w - 201136 - 495258. Is m composite?
True
Let i(g) = g**2 + 11*g - 15. Let j be i(-12). Let w be (j/(-12))/(8/32). Is (-3 + -2)*((-417)/5 - w) a composite number?
True
Let i = 141812 + -37299. Is i a prime number?
True
Let d(q) = 15*q**2 - 3*q - 143. Is d(12) a composite number?
True
Let q = 12044 + 23157. Is q a prime number?
True
Suppose 0 = 15*m - 10*m + 20. Let l be 2/(12/m + 12/3). Suppose l*y - y = 5*a + 1454, -4*y = 4*a - 5744. Is y composite?
False
Is 28/(-126) + 20/(-18)*(-1790703)/18 a composite number?
True
Suppose 27*k - 5 = i + 25*k, 4*k = -i - 17. Let z(l) = -5*l**3 + 9*l**2 + 13*l - 64. Is z(i) a prime number?
False
Is 186567/2*12/180*10 a composite number?
False
Let 